5*m + 2*p + 290. Let i = -59 - m. Let r be 50/18 - 4/(-18). What is the greatest common factor of i and r?
3
Let y = -1581 - -2298. Calculate the highest common divisor of 7648 and y.
239
Let n = 2 - -62. Let z = 86 - n. Let i be (1 + 0)/(2/66). What is the greatest common divisor of z and i?
11
Suppose 0 = -3*d + d + 12. Let l be 94/((9/(-9))/(-6)). Calculate the greatest common factor of l and d.
6
Let q be 238/4 - (-1)/2. Suppose -268 = f - 283. What is the greatest common divisor of q and f?
15
Suppose -t + 9 = -2. Let f = 274 + -271. Suppose 3*a - 150 = -f*x, -x - 2*x = 2*a - 95. Calculate the highest common divisor of t and a.
11
Suppose 0 = 230*w - 227*w - 171. What is the highest common factor of 741 and w?
57
Suppose -19 = -u - 2*i, -5*u + 5*i + 40 = -10. Suppose 121 = -u*p + 24*p. Calculate the greatest common factor of p and 1.
1
Let s(p) = p**2 + 9*p - 7. Let a be s(13). Let b = -177 + a. Calculate the greatest common factor of 12 and b.
6
Let x = -1286 - -1654. What is the highest common factor of x and 23?
23
Let j = 8 + 6. Suppose 0 = -3*n - 5*m + 339, -450*m = 2*n - 446*m - 232. Calculate the highest common divisor of j and n.
14
Let j(l) = -2*l**2 + 163*l + 422. Let m be j(84). Calculate the highest common divisor of 27 and m.
1
Let u be (12*(-1)/(-6))/(4/80410). What is the greatest common factor of u and 215?
215
Suppose -12*g = -53030 - 86830. Calculate the highest common factor of 945 and g.
315
Suppose -2103*o + 2084*o = -3382. Calculate the highest common factor of o and 32.
2
Let d(m) = 30*m - 54. Let u be d(3). Calculate the highest common divisor of u and 2844.
36
Suppose 624*x - 660*x = -396864. What is the highest common divisor of 53 and x?
53
Suppose -5*f + 10*f = -4*v + 11, 5*v - 5*f - 25 = 0. Suppose 0 = 2*y - y - 125. Let z be y/v - (0 - (-9)/(-12)). What is the highest common divisor of 4 and z?
4
Let w be (-11 + -1)/(5 + 258/(-48) + 0). Calculate the highest common divisor of w and 5280.
32
Let r(y) = -y. Let j(d) = 14*d - 9. Let f(p) = -j(p) - r(p). Let z be f(-2). Calculate the greatest common divisor of z and 5.
5
Suppose -86*w + 99*w - 780 = 0. Calculate the highest common divisor of 156 and w.
12
Let t = 182 - 174. Suppose 3*s = 5*o - 842, t = -2*s + 10. Let d(p) = p**3 - 3*p**2 - 8*p + 3. Let c be d(5). Calculate the highest common factor of o and c.
13
Let z be (150/(-125))/(0 - (-2)/(-5)). Let f(w) = -w**3 + 2*w**2 + 35*w + 13. Let a be f(-5). Calculate the highest common factor of z and a.
1
Suppose 6086 - 15158 = -16*a. Calculate the highest common divisor of a and 7.
7
Let n = 5 + -3. Suppose -2*k = -k - 3*o - 8, o + n = 0. Suppose -k*r + 708 - 68 = 0. What is the highest common divisor of 40 and r?
40
Suppose -11*u + 10*u = 0. Let b be 64 + (u - (1 - 0))*1. Suppose 4*d - b = 37. Calculate the highest common divisor of 75 and d.
25
Suppose -87 - 320 = -37*v. Let b be (1 - 2) + v - 0. What is the highest common factor of b and 270?
10
Let w = 49 + -108. Let h = -103 - w. Let k = -39 - h. What is the highest common divisor of 5 and k?
5
Let v = 23043 + -22910. Calculate the greatest common divisor of 2622 and v.
19
Let p be -5 + 1 + 4208/8. What is the greatest common factor of p and 464?
58
Let h(w) be the third derivative of 17*w**4/12 - 28*w**3/3 + 4*w**2 + 11*w. Let m be h(5). What is the greatest common divisor of 38 and m?
38
Let b be (6/3)/((-4)/4). Let h be (-2 + -32)/(b/4). Suppose -352 = 5*z - 1202. What is the greatest common divisor of z and h?
34
Let g = 84 - 58. Let o = g + 22. Let y be (-172)/(-14) + 44/(-154). What is the highest common factor of y and o?
12
Suppose 91*m = 83*m + 160. Suppose 0 = -7*i + 2*i + m, -4*v = 4*i - 108. What is the greatest common divisor of 437 and v?
23
Suppose 0 = 11*d - 15*d + 5*a + 29, -4*d + a + 9 = 0. Let f be d/(-5) - (-54620)/100. Calculate the highest common factor of f and 42.
42
Suppose -104*o + 109217 = -75175. What is the greatest common factor of 288 and o?
9
Suppose 28*p + 623 = -861. Let a = -3 - p. Calculate the greatest common factor of 125 and a.
25
Suppose 264*h = 274*h - 1320. Suppose 0 = 2*a - a - 36. Suppose -3*v + 6*v - a = 0. What is the greatest common factor of h and v?
12
Let r = -675 - -677. Suppose 2*t + r*a - 30 = 8, -2*a + 92 = 5*t. Calculate the greatest common factor of 96 and t.
6
Suppose 0 = l + 5*d - 3165, 5*l - 7050 - 8895 = 5*d. Calculate the greatest common factor of 196 and l.
49
Let s = 9047 - 8605. Calculate the highest common divisor of 14807 and s.
221
Let k = -21 - -36. Suppose 9*u - 420 = 37*u. Let j be (-50)/u*(-189)/(-6). Calculate the greatest common divisor of k and j.
15
Let x = 11537 - 11517. What is the highest common divisor of 445 and x?
5
Let t be ((-32)/24)/(8/(-42)). Suppose -r + t*a = 10*a - 20, 50 = r - 3*a. What is the greatest common divisor of 595 and r?
35
Let f be (36/(-21))/((-124)/5642). Calculate the greatest common factor of 17706 and f.
78
Suppose -158*s + 162*s = 12. Suppose -5*d = s*u - 220, 5*u + 2*d - d - 352 = 0. Calculate the greatest common divisor of 42 and u.
14
Suppose -2*z + 0*x - 3*x = -117, 0 = 2*z - 5*x - 93. Calculate the highest common factor of z and 1107.
27
Let o(c) = 4*c**3 - 3*c**2 + 2*c + 4. Let s be o(3). Suppose 10*r - 359 = s. What is the highest common factor of 63 and r?
9
Suppose 3*f + 8*l - 12242 = 4*l, -5*f - 4*l + 20382 = 0. Calculate the highest common divisor of f and 10.
10
Let m(k) = 9*k - 25. Let r be m(12). Let v = 72 - r. Let s = 14 + v. Calculate the highest common factor of 48 and s.
3
Suppose -39 = 8*v - 11*v + 42. What is the highest common divisor of v and 267?
3
Suppose -j + 47 + 1 = -3*v, j + 2*v = 58. What is the highest common factor of j and 6?
6
Let k = 380 - -1542. Calculate the greatest common divisor of k and 2.
2
Suppose -2*n = 4*o - 1308, -4*n + 2574 = -0*n + o. Calculate the highest common factor of 749 and n.
107
Let p(b) = 1468*b - 166. Let k be p(1). Calculate the greatest common divisor of 252 and k.
42
Let z = -897 - -1633. Calculate the highest common factor of 322 and z.
46
Let z = -14498 + 15586. What is the greatest common divisor of 952 and z?
136
Let y = 27 + -10. Suppose 0 = -24*v - 53 - 139. Let u(k) = 7*k + 57. Let a be u(v). Calculate the greatest common divisor of a and y.
1
Let x = 4 + 10. Let f be 5 + ((-18)/(-3) - 9). Suppose -7*y = -12 - f. What is the greatest common divisor of y and x?
2
Suppose -w + 11*w = 4440 + 840. Calculate the highest common divisor of w and 726.
66
Suppose 0*d + 2*d = 176. Suppose 48 = -4*p + 12*p. Suppose -3*u = -p*u - 5*t + 24, 4*u = -4*t + 32. Calculate the highest common factor of u and d.
8
Suppose 105*y - 2763 - 1332 = 0. What is the highest common factor of y and 2756?
13
Suppose 23*j - 112 + 43 = 0. Suppose -2*s + 173 = -j. Calculate the greatest common factor of 8 and s.
8
Suppose -2*c = c - 315. Let u = 3537 - 3474. Calculate the greatest common divisor of c and u.
21
Suppose 65 - 95 = -5*y. Suppose -4*q - 111 = -y*x + x, 2*x = 2*q + 44. What is the greatest common factor of 92 and x?
23
Let t = -11189 - -13152. Calculate the greatest common divisor of 403 and t.
13
Let q(b) = -121*b - 7. Let y(v) = 6*v + 14. Let l be y(-3). Let h be q(l). What is the highest common divisor of 53 and h?
53
Let r(o) = 15*o - 74. Let q be r(9). Let u be q/7 - 36/(-126). What is the highest common factor of 531 and u?
9
Let p = 115 - -16. Suppose -10*o + 1301 = p. Calculate the highest common divisor of o and 26.
13
Let m = -153 + 289. Let g = -89 + 97. Calculate the greatest common factor of m and g.
8
Let f be 5/((-30)/4)*((-3 - -11) + -356). Calculate the highest common divisor of 145 and f.
29
Let b be (-8)/(-52) - (355/13)/((-59)/3422). What is the greatest common divisor of 288 and b?
144
Let l = 39 - -19. Suppose 3*m - 613 = -2*r, 3*m - 615 = 4*r - 7*r. Calculate the highest common divisor of l and m.
29
Suppose 0 = -3*p + 8 + 4. Suppose -p*x + 60 = a - 162, 4 = 2*a. Suppose 207*w - 2068 = 113*w. Calculate the highest common divisor of x and w.
11
Suppose 5*b - 194 = 4*a, a + 3*b - b = -42. Let o be (a/115)/(2/(-50)*1). Calculate the greatest common factor of 15 and o.
5
Let r(g) be the second derivative of g**3/6 + 13*g**2/2 + 66*g - 2. Let i be r(1). Calculate the highest common divis